et g be ((-8)/(-12))/((-5)/(-90)). Calculate the highest common factor of r and g.
4
Suppose -2*d + 15 = d. Let f(n) = -n + 8. Let s be f(d). Suppose x + 28 = 4*k, -3*k = 2*k + 2*x - 22. Calculate the highest common divisor of s and k.
3
Let j be (-806)/(-30) - (0 - (-4)/(-30)). Let q = 12 + -3. Calculate the highest common factor of j and q.
9
Let v(k) = 21*k - 250. Let a be v(12). Let x = -2 + 4. Calculate the greatest common factor of a and x.
2
Let z be (0 + 4/(-5))/(32/(-240)). What is the highest common factor of 15 and z?
3
Let y(g) = 108*g**2 - 10*g + 22. Let k be y(2). Calculate the highest common factor of 70 and k.
14
Suppose 5*w + 0*w = 315. Suppose 3*i - w = 4*m + 25, 3*i = -4*m + 128. What is the greatest common divisor of 9 and i?
9
Suppose -d = -6*d + 40. Suppose w + 4*n + d = -11, 0 = 5*w + 5*n + 20. Let x be (-3)/2 + 154/44. Calculate the highest common factor of w and x.
1
Suppose 0 = -v + 4, -4*o - v - 23 = -o. Let b be -3 - ((-42 - -4) + 0). Let d = o + b. What is the highest common factor of d and 65?
13
Let v be 6 - (1 + -2 + -16). What is the highest common factor of 920 and v?
23
Let j(v) = 2*v**2 - v - 43. Let m be j(-7). What is the greatest common factor of 341 and m?
31
Let a(g) = -g**2 - 11*g + 3. Let b be a(-6). What is the highest common factor of 11 and b?
11
Let p(u) = -18*u**2 + u - 1. Let a be p(1). Let i be ((-78)/a)/((-1)/(-24)). What is the greatest common factor of 13 and i?
13
Let x be 84*12/(-45)*(-5 + 0). Suppose 3*n = -x + 640. What is the highest common divisor of n and 22?
22
Let c = 1681 - 899. Calculate the greatest common divisor of c and 136.
34
Let q = 21 - -51. Calculate the highest common divisor of 120 and q.
24
Suppose -2*k - 89 = -3*r, 6*r - 5*k - 47 = 5*r. What is the highest common factor of r and 216?
27
Suppose 35*t = 239*t - 5508. Let h(m) = -m**3 + 3*m**2 - 6*m - 1. Let z be h(-4). What is the greatest common factor of z and t?
27
Let h be (2 - (-755)/(-10))*2/(-3). What is the greatest common divisor of 441 and h?
49
Suppose 43 = 6*b - 35. Let c = 1 - -25. Calculate the greatest common factor of b and c.
13
Suppose -5 = -9*g + 13. Suppose -5*b + 4*d + 10 = 0, 4 = 2*b - g*d + 6*d. Calculate the greatest common factor of b and 1.
1
Let o(q) = 3*q**3 + 13*q**2 - 2*q - 3. Let f be o(-4). Calculate the greatest common divisor of 154 and f.
7
Let x(m) = -m + 18. Let j be x(15). Suppose 0 = -5*f - j*f + 160. Let a(h) = 9*h**2 + 2*h + 1. Let n be a(-1). Calculate the highest common factor of f and n.
4
Let m(b) = -66*b - 1074. Let f be m(-17). Let x(p) = -p**2 - 7*p + 2. Let a be x(-5). Calculate the greatest common divisor of f and a.
12
Let o = 485 + -389. Calculate the highest common divisor of o and 160.
32
Let m be (3/((-3)/(-4)))/(2/6). Let j(h) = -9*h + 12. Let x be j(-8). What is the greatest common divisor of x and m?
12
Let c = 820 - 570. Let v = 9 - 5. Suppose -2*y - v = 0, 6*a - 4*a - 5*y = c. What is the highest common factor of 12 and a?
12
Suppose 281*g = 272*g + 81. Calculate the greatest common divisor of 15 and g.
3
Suppose 0 = i - 3*g - 122, i + 2*g - 98 = -g. Suppose 66 = 11*h - i. Calculate the highest common factor of h and 4.
4
Let x = 947 - 893. What is the highest common divisor of x and 66?
6
Suppose 0 = -5*o + f + 1020, -408 = -2*o - 3*f - f. Calculate the greatest common divisor of 459 and o.
51
Suppose 0*k - 3*t - 693 = -3*k, 4*t + 12 = 0. What is the highest common factor of 57 and k?
57
Suppose 2*i - 4*s = i - 5, 3*i + 2*s - 27 = 0. Suppose 12 = l + i. Suppose -a - l = 0, 5*j - 3*a - 171 = 144. Calculate the greatest common factor of j and 12.
12
Let o(j) = 2 - j**2 - 4*j**3 + 12 + 2*j + 2*j**2 + 5*j**3. Let h be o(0). What is the greatest common factor of h and 70?
14
Let j(p) = -p**3 - 8*p**2 - p - 8. Let k be j(-8). Let f(v) = -v**2 - 3*v + 55. Let u be f(k). What is the greatest common factor of u and 22?
11
Let y(g) = -g**2 + 3*g + 3. Let u be y(3). Suppose u*d + d + h = 206, d + 2*h = 55. Calculate the greatest common factor of 17 and d.
17
Let k(u) = 11*u**2 + 52*u + 21. Let h be k(6). Calculate the highest common factor of 54 and h.
27
Suppose -12*d + 908 = 44. Let c be (3/4)/(3/72). Calculate the highest common divisor of d and c.
18
Let n be (-10)/(-10)*(-42)/(-2). Let y(i) = -i**2 + 231. Let v be y(0). What is the highest common factor of n and v?
21
Let d = -2731 + 2869. Calculate the highest common factor of 24 and d.
6
Let q = -2 + 93. Suppose 94*n - 96 = q*n. What is the highest common divisor of 64 and n?
32
Suppose 15*j + 14 = 17*j. Let g be (0 - 1) + 3 - -2. Let i be g/6 - (-5)/15. What is the highest common divisor of j and i?
1
Let n(d) = 2*d**3 - 11*d**2 + 23*d - 11. Let x be n(4). Let k = 65 + -59. What is the greatest common divisor of x and k?
3
Let d(y) = -224*y - 509. Let b be d(-4). What is the greatest common divisor of b and 172?
43
Let z be 4/10 + (-116)/(-10). Let j(v) = -v**2 + 245*v + 2316. Let n be j(-9). Calculate the greatest common divisor of n and z.
6
Suppose -4*i - 3*d + 1 = 0, -3*i - 1 = -2*i + 2*d. Let y = -10 + 14. Suppose y*s - i = 7. What is the highest common divisor of s and 18?
2
Let c(g) = g**3 - 13*g**2 - 2*g + 27. Let u be c(14). Calculate the greatest common divisor of u and 260.
65
Let o be -3 + 2 + 0 - -4. Let z be 592/6 + 1/o. Let j be (-450)/(-42) - 4/(-14). What is the highest common divisor of z and j?
11
Let g(s) = 5*s - 6. Let c be g(-6). Let x = c - -49. Let j(m) = 53*m - 2. Let z be j(2). Calculate the greatest common divisor of x and z.
13
Let n be 76/(-1064) - (-60146)/28. Calculate the highest common divisor of n and 12.
12
Suppose 4*i - 4*h - 6959 = 2141, -3*h = 2*i - 4560. What is the highest common factor of i and 99?
99
Suppose 116 = g - x, -10 + 586 = 5*g - x. What is the highest common factor of g and 46?
23
Suppose -28*a - 360 = -48*a. Calculate the highest common factor of a and 531.
9
Suppose 8*l = 3*l + 35. Suppose -369 = -6*s - 33. Suppose 4*z = 6*z - s. What is the highest common factor of z and l?
7
Suppose 5*f + 87 = 102. What is the greatest common divisor of f and 27?
3
Let d(r) = 99*r. Let z be d(1). Let w(x) = 4*x + 7. Let b be w(-5). Let u = 22 + b. Calculate the highest common divisor of u and z.
9
Let i be (-15)/(17/9 - 2). Suppose -c - 224 = -5*t, -c - 1 + 2 = 0. Let m = i - t. Calculate the highest common factor of m and 15.
15
Let r be ((-24246)/(-378) - (-1)/(-7))*29. Calculate the greatest common factor of 128 and r.
64
Let c be (-4)/(-12)*9 - 1. Suppose 3*b - 33 = 5*m - 6*m, -5*b + c*m = -44. Calculate the greatest common divisor of 10 and b.
10
Suppose 0 = -2*x + 7 + 23. Let l = x - 12. Suppose -2*a = -u + 17, -2*a - 10 = l*a. What is the highest common divisor of u and 65?
13
Let y(l) = l**3 - 4*l**2 + 5*l - 4. Let d be y(4). Let q = -10 - -186. Calculate the highest common divisor of q and d.
16
Let x = -11 - 6. Let q = -7 - x. Calculate the greatest common divisor of 20 and q.
10
Let n = 143 + -103. What is the greatest common factor of n and 12?
4
Let x(i) = i**3 - 5*i**2 + 6*i - 2. Let q be x(5). Suppose -74*c + 61*c = -546. Calculate the greatest common divisor of q and c.
14
Let b = -47 - -55. Let r be (-34)/((-45)/(-12) - 4). Calculate the highest common factor of r and b.
8
Suppose -107 = -2*f + 195. Let x = f + -25. Let b be 9 + (-56)/4 + 19. What is the highest common factor of b and x?
14
Suppose 2 + 20 = k. Suppose -15*p - k = -17*p. Calculate the highest common factor of p and 11.
11
Let x be ((-12)/(-8))/(3/2) + 86. Suppose 4*y + 11 = x. What is the highest common divisor of 95 and y?
19
Let v(z) = -3*z + 10. Let o(a) = -7*a + 20. Let p(x) = -2*o(x) + 5*v(x). Let u be p(-5). What is the greatest common factor of 135 and u?
15
Let a = 7 - 7. Let h be 3/(a + -3) + 0. Let i = h - -2. What is the greatest common factor of 8 and i?
1
Suppose -3*u - 2*l + 67 = 0, u + 3*l = 18 + 2. Suppose -j + 2*o = -16, u = 4*j - 5*o - 44. What is the highest common factor of 6 and j?
6
Let m(o) = 120*o**3 + 6*o**2 - 3*o - 3. Let s be m(2). Calculate the highest common factor of s and 39.
39
Let v be 1/6*8*27. Let a = -60 + 84. Calculate the highest common factor of a and v.
12
Let l = -75 + 75. Suppose l = -2*q - 11*q + 2145. Calculate the highest common divisor of q a